
True
Does 1440 divide 11433600?
True
Does 70 divide 1814736606?
False
Is 1676 a factor of 384747738?
False
Does 8 divide 550716460?
False
Is 31 a factor of 11069108?
True
Does 394 divide 2765709792?
True
Does 25 divide 78115400?
True
Is 1248267040 a multiple of 815?
True
Is 416055763 a multiple of 2658?
False
Is 673 a factor of 320522980?
True
Does 9 divide 156349096?
False
Is 4122394 a multiple of 13?
False
Is 509 a factor of 10713432?
True
Is 26 a factor of 155853721?
False
Is 242 a factor of 6776726?
True
Does 2200 divide 26151400?
True
Does 6003 divide 1233325002?
False
Is 456 a factor of 1108737735?
False
Is 114 a factor of 4588614?
True
Is 29483078 a multiple of 6?
False
Is 1280 a factor of 2304245104?
False
Is 58 a factor of 1746917370?
True
Does 48 divide 454228218?
False
Is 621 a factor of 52368137?
False
Is 24 a factor of 42122472?
True
Is 1315896 a multiple of 24?
True
Is 30 a factor of 15578760?
True
Is 58478514 a multiple of 2202?
True
Is 3448 a factor of 40091137?
False
Does 305 divide 59366896?
False
Does 32 divide 7786170?
False
Is 6 a factor of 14012514?
True
Is 401661825 a multiple of 24?
False
Is 125241796 a multiple of 193?
False
Does 357 divide 3928547952?
True
Does 80 divide 5664865?
False
Does 210 divide 48915720?
True
Is 167 a factor of 57608988?
True
Is 2062 a factor of 550770510?
True
Is 151306968 a multiple of 8?
True
Is 7255575 a multiple of 27?
True
Does 33 divide 28258274?
False
Is 183838508 a multiple of 407?
False
Does 481 divide 27653652?
True
Is 1163 a factor of 35773880?
True
Is 4 a factor of 1491048?
True
Does 348 divide 121041439?
False
Is 28 a factor of 394690506?
False
Is 10 a factor of 89001645?
False
Is 10 a factor of 1604655450?
True
Is 42 a factor of 65873860?
False
Is 122901049 a multiple of 717?
False
Is 38 a factor of 18228410?
True
Does 28 divide 1063988912?
True
Is 1137206123 a multiple of 40?
False
Is 18635417 a multiple of 79?
False
Is 3114842581 a multiple of 720?
False
Is 2892988 a multiple of 554?
True
Is 11 a factor of 215352053?
False
Does 9 divide 404655345?
True
Does 13 divide 157093885?
True
Is 28 a factor of 453184212?
False
Is 3374592163 a multiple of 29?
True
Does 132 divide 3377750146?
False
Is 908028426 a multiple of 11?
False
Is 96167709 a multiple of 399?
False
Is 2 a factor of 191742443?
False
Is 9 a factor of 328570713?
True
Does 859 divide 161992396?
False
Is 207671006 a multiple of 2368?
False
Does 966 divide 3028572782?
False
Does 2113 divide 311627016?
False
Does 263 divide 637112766?
True
Is 21 a factor of 20746724?
False
Is 36 a factor of 3010362669?
False
Is 15 a factor of 33535187?
False
Does 832 divide 610074503?
False
Is 16754079 a multiple of 3?
True
Is 45322483 a multiple of 433?
False
Does 4944 divide 1136462448?
True
Is 504 a factor of 39606336?
True
Is 2116071274 a multiple of 2009?
False
Is 16332350 a multiple of 7?
False
Is 261 a factor of 160027257?
False
Is 111046800 a multiple of 669?
False
Is 603496671 a multiple of 499?
False
Is 10 a factor of 3900114693?
False
Is 11 a factor of 1503630065?
False
Is 445973681 a multiple of 4718?
False
Is 121 a factor of 57306447?
True
Is 7 a factor of 1502823?
True
Is 50298688 a multiple of 849?
False
Does 14 divide 27521270?
True
Is 4676224 a multiple of 136?
True
Is 1368801984 a multiple of 278?
False
Does 68 divide 61925832?
True
Is 351 a factor of 38551734?
True
Is 263245100 a multiple of 10?
True
Does 13 divide 4773044150?
False
Is 7624 a factor of 1398104368?
True
Does 128 divide 104223360?
True
Is 28 a factor of 70338489?
False
Does 2121 divide 39556650?
True
Does 356 divide 545533531?
False
Does 610 divide 733063230?
True
Is 778326731 a multiple of 31?
False
Does 105 divide 444755850?
True
Is 13405358 a multiple of 1186?
True
Is 56065240 a multiple of 11?
True
Is 3248 a factor of 447560943?
False
Does 1513 divide 66422213?
True
Is 1620823 a multiple of 11?
False
Is 513 a factor of 161149203?
True
Is 111829172 a multiple of 26?
True
Does 171 divide 445474707?
False
Is 6801750 a multiple of 75?
True
Is 5126090 a multiple of 7?
False
Is 225 a factor of 13610475?
True
Is 219 a factor of 29374166?
False
Is 447 a factor of 1301939498?
False
Is 69 a factor of 103230251?
False
Does 27 divide 11451024?
True
Is 395 a factor of 807634380?
True
Is 3220582 a multiple of 2?
True
Does 22 divide 229721728?
False
Is 915 a factor of 129888825?
True
Is 61131278 a multiple of 40?
False
Is 31 a factor of 87186270?
False
Is 74510029 a multiple of 1831?
False
Is 6 a factor of 1280827297?
False
Is 83477964 a multiple of 12?
True
Does 1259 divide 2939858166?
True
Is 13 a factor of 173458235?
False
Is 21 a factor of 7052241?
True
Is 14 a factor of 47920700?
False
Does 2128 divide 438678891?
False
Is 1121 a factor of 42674431?
False
Does 36 divide 3079044?
True
Is 28 a factor of 246240288?
True
Does 10 divide 102406160?
True
Is 359148965 a multiple of 557?
False
Is 66787799 a multiple of 1265?
False
Is 5 a factor of 341940405?
True
Is 1314 a factor of 13705020?
True
Is 166293220 a multiple of 460?
True
Does 1749 divide 168435800?
False
Is 265121246 a multiple of 7?
False
Does 24 divide 1103688256?
False
Is 5212296180 a multiple of 52?
True
Does 14 divide 44556396?
False
Is 16 a factor of 64650484?
False
Is 3677 a factor of 1087814711?
True
Is 1047 a factor of 34761447?
True
Is 4 a factor of 81729920?
True
Does 164 divide 24824781?
False
Is 101 a factor of 29078175?
False
Does 2 divide 2203725?
False
Is 64268676 a multiple of 3?
True
Does 783 divide 8470094?
False
Is 1075 a factor of 3024669614?
False
Is 808942620 a multiple of 5372?
True
Is 339 a factor of 16783672?
False
Is 48890412 a multiple of 1080?
False
Does 238 divide 489101186?
True
Does 1625 divide 42591250?
True
Does 1399 divide 108482198?
False
Is 729 a factor of 1415895147?
True
Does 915 divide 145938840?
True
Is 49297300 a multiple of 325?
True
Is 1576 a factor of 43891600?
True
Is 290542809 a multiple of 55?
False
Is 47786275 a multiple of 8?
False
Is 204289578 a multiple of 6?
True
Is 31 a factor of 177391611?
False
Is 365560 a multiple of 481?
True
Is 6 a factor of 37829742?
True
Is 20 a factor of 34657569?
False
Does 206 divide 58097768?
True
Does 1345 divide 16340405?
True
Is 446165156 a multiple of 3?
False
Is 26 a factor of 2739634768?
True
Does 138 divide 829548774?
True
Is 130 a factor of 3602040?
True
Is 94205258 a multiple of 210?
False
Is 41 a factor of 513555209?
False
Is 48444224 a multiple of 16?
True
Is 52050551 a multiple of 1033?
False
Is 28 a factor of 24101185?
False
Does 718 divide 462223153?
False
Is 12 a factor of 101167176?
True
Is 227043309 a multiple of 24?
False
Is 1285 a factor of 28519290?
True
Is 49024733 a multiple of 3302?
False
Is 107400352 a multiple of 12?
False
Is 111613812 a multiple of 628?
True
Is 8 a factor of 62933264?
True
Does 4 divide 32646092?
True
Is 476646406 a multiple of 13?
False
Does 6923 divide 364054035?
False
Is 50347266 a multiple of 69?
False
Does 20 divide 38602220?
True
Is 12330320 a multiple of 100?
False
Is 370419060 a multiple of 76?
True
Is 1508831243 a multiple of 1160?
False
Is 5018 a factor of 4853901364?
True
Does 55 divide 61605209?
False
Is 121 a factor of 4463527?
False
Is 24 a factor of 1908175104?
True
Is 3 a factor of 269928931?
False
Is 245281270 a multiple of 205?
True
Does 130 divide 577555030?
True
Does 18 divide 745452?
True
Is 102725020 a multiple of 1080?
False
Is 2276654256 a multiple of 29?
False
Is 693612133 a multiple of 114?
False
Does 2984 divide 1153468861?
False
Does 35 divide 1588330065?
True
Is 467575636 a multiple of 44?
True
Does 13 divide 15368644?
False
Is 498581692 a multiple of 2051?
True
Is 1508487240 a multiple of 3610?
False
Is 2624 a factor of 29535744?
True
Is 50 a factor of 588285900?
True
Is 5 a factor of 1719732?
False
Is 200 a factor of 21234456?
False
Is 4463 a factor of 410506740?
True
Does 14 divide 90764322?
False
Does 8 divide 294135938?
False
Does 22 divide 60593346?
True
Does 110 divide 242513480?
True
Is 1022 a factor of 4063494665?
False
Is 392 a factor of 214207574?
False
Is 11059630 a multiple of 8?
False
Is 661923080 a multiple of 4229?
True
Does 119 divide 20365135?
False
Is 443174496 a multiple of 408?
True
Does 52 divide 35942928?
False
Is 71 a factor of 2